{"id":81,"date":"2022-11-05T00:07:41","date_gmt":"2022-11-04T23:07:41","guid":{"rendered":"http:\/\/steuerkanzlei-karl.de\/?page_id=81"},"modified":"2022-11-17T14:16:32","modified_gmt":"2022-11-17T13:16:32","slug":"bewerbungsportal","status":"publish","type":"page","link":"https:\/\/steuerkanzlei-karl.de\/index.php\/bewerbungsportal\/","title":{"rendered":"Bewerbungsportal"},"content":{"rendered":"<style>\r\n\t.entry-title {\r\n\t\tdisplay: none;\r\n\t\tmargin-bottom: -50px;\r\n\t}\r\n\r\n\t#content {\r\n\t\tpadding-top: 0px;\r\n\t}\r\n\t\r\n\t#content > div > .row {\r\n    \tmargin-top: -30px;\r\n\t}\r\n<\/style>\n\n\n\n\n\n\n<h3 class=\"wp-block-heading\" id=\"wirstellenein\">Wir stellen ein<\/h3>\n\n\n\n<div class=\"guten-element guten-accordions guten-rtE0Vx\">\n<div class=\"accordion-item active\"><div class=\"accordion-heading\"><div class=\"accordion-icon\"><span class=\"accordion-icon-open\"><i class=\"gtn gtn-down-arrow-9\"><\/i><\/span><span class=\"accordion-icon-closed\"><i class=\"fas fa-plus\"><\/i><\/span><\/div><span class=\"accordion-text\">Steuerfachangestellte (m\/w\/d)<\/span><\/div><div class=\"accordion-body\"><div class=\"accordion-content\">\n<div class=\"guten-element guten-BybkxS guten-icon-box icon-position-top\"><div class=\"guten-icon-box-wrapper hover-from-left\"><div class=\"icon-box icon-box-header\"><div class=\"icon style-color\"><i class=\"fas fa-user-plus\"><\/i><\/div><\/div><div class=\"icon-box icon-box-body\"><h3 class=\"title\">Steuerfachangestellte\/r (m\/w\/d)<\/h3><p class=\"icon-box-description\">f\u00fcr die Erstellung von Finanz- und Lohnbuchf\u00fchrungen, Steuererkl\u00e4rungen, Gewinnermittlungen und Jahresabschl\u00fcssen sowie f\u00fcr die Kommunikation mit Mandanten und Beh\u00f6rden.<br><br>Sie sollten eine abgeschlossene Berufsausbildung zum\/r Steuerfachangestellten mit Berufserfahrung und einen sicheren Umgang mit DATEV- und MS-Office-Programmen besitzen.<br><br>M\u00f6chten auch Sie zu unserem Team geh\u00f6ren?<br>Ich freue mich auf Ihre Bewerbung!<\/p>\n<div class=\"guten-element guten-button-wrapper guten-AywOcG\"><a class=\"guten-button guten-button-md\" href=\"#bewerbungsformular\"><span>JETZT BEWERBEN!<\/span><\/a><\/div>\n<\/div><\/div><\/div>\n<\/div><\/div><\/div>\n<\/div>\n\n\n\n<h3 class=\"wp-block-heading\" id=\"bewerbungsformular\">Bewerbungsbereich<\/h3>\n\n\n\n<div class=\"wpcf7 no-js\" id=\"wpcf7-f358-o1\" lang=\"de-DE\" dir=\"ltr\" data-wpcf7-id=\"358\">\n<div class=\"screen-reader-response\"><p role=\"status\" aria-live=\"polite\" aria-atomic=\"true\"><\/p> <ul><\/ul><\/div>\n<form action=\"\/index.php\/wp-json\/wp\/v2\/pages\/81#wpcf7-f358-o1\" method=\"post\" class=\"wpcf7-form init\" aria-label=\"Kontaktformular\" enctype=\"multipart\/form-data\" novalidate=\"novalidate\" data-status=\"init\">\n<fieldset class=\"hidden-fields-container\"><input type=\"hidden\" name=\"_wpcf7\" value=\"358\" \/><input type=\"hidden\" name=\"_wpcf7_version\" value=\"6.1.5\" \/><input type=\"hidden\" name=\"_wpcf7_locale\" value=\"de_DE\" \/><input type=\"hidden\" name=\"_wpcf7_unit_tag\" value=\"wpcf7-f358-o1\" \/><input type=\"hidden\" name=\"_wpcf7_container_post\" value=\"0\" \/><input type=\"hidden\" name=\"_wpcf7_posted_data_hash\" value=\"\" \/><input type=\"hidden\" name=\"_wpcf7_recaptcha_response\" value=\"\" \/>\n<\/fieldset>\n<div style=\"text-align:center;\">\n\t<h6 style=\"margin-bottom:1.2em;\">Ich m\u00f6chte mich f\u00fcr eine Position als\n\t<\/h6>\n\t<div>\n\t\t<p><span class=\"wpcf7-form-control-wrap\" data-name=\"thestelle\"><span class=\"wpcf7-form-control wpcf7-radio\"><span class=\"wpcf7-list-item first last\"><label><input type=\"radio\" name=\"thestelle\" value=\"Steuerfachangestellte\/r&nbsp;(m\/w\/d)\" checked=\"checked\" \/><span class=\"wpcf7-list-item-label\">Steuerfachangestellte\/r&nbsp;(m\/w\/d)<\/span><\/label><\/span><\/span><\/span>\n\t\t<\/p>\n\t<\/div>\n\t<h6>bewerben.\n\t<\/h6>\n<\/div>\n<h4>Angaben zur Person\n<\/h4>\n<div class=\"row-col\">\n\t<div class=\"anredeinrow\">\n\t\t<p><label>Anrede*<br \/>\n<span class=\"wpcf7-form-control-wrap\" data-name=\"theanrede\"><select class=\"wpcf7-form-control wpcf7-select wpcf7-validates-as-required\" aria-required=\"true\" aria-invalid=\"false\" name=\"theanrede\"><option value=\"\"><\/option><option value=\"Herr\">Herr<\/option><option value=\"Frau\">Frau<\/option><option value=\"Divers\">Divers<\/option><\/select><\/span><\/label>\n\t\t<\/p>\n\t<\/div>\n\t<div class=\"anredeinrow\">\n\t\t<p><label>Vorname*<br \/>\n<span class=\"wpcf7-form-control-wrap\" data-name=\"thevorname\"><input size=\"40\" maxlength=\"400\" class=\"wpcf7-form-control wpcf7-text wpcf7-validates-as-required\" aria-required=\"true\" aria-invalid=\"false\" placeholder=\"Vorname\" value=\"\" type=\"text\" name=\"thevorname\" \/><\/span><\/label>\n\t\t<\/p>\n\t<\/div>\n\t<div class=\"anredeinrow\">\n\t\t<p><label>Nachname*<br \/>\n<span class=\"wpcf7-form-control-wrap\" data-name=\"thenachname\"><input size=\"40\" maxlength=\"400\" class=\"wpcf7-form-control wpcf7-text wpcf7-validates-as-required\" aria-required=\"true\" aria-invalid=\"false\" placeholder=\"Nachname\" value=\"\" type=\"text\" name=\"thenachname\" \/><\/span><\/label>\n\t\t<\/p>\n\t<\/div>\n<\/div>\n<h4>Anschrift\n<\/h4>\n<div class=\"row-col\">\n\t<div class=\"anschriftstrasseinrow\">\n\t\t<p><label>Stra\u00dfe*<br \/>\n<span class=\"wpcf7-form-control-wrap\" data-name=\"thestrasse\"><input size=\"40\" maxlength=\"400\" class=\"wpcf7-form-control wpcf7-text wpcf7-validates-as-required\" aria-required=\"true\" aria-invalid=\"false\" value=\"\" type=\"text\" name=\"thestrasse\" \/><\/span> <\/label>\n\t\t<\/p>\n\t<\/div>\n\t<div class=\"anschrifthninrow\">\n\t\t<p><label>Hausnummer*<br \/>\n<span class=\"wpcf7-form-control-wrap\" data-name=\"thehausnummer\"><input size=\"40\" maxlength=\"400\" class=\"wpcf7-form-control wpcf7-text wpcf7-validates-as-required\" aria-required=\"true\" aria-invalid=\"false\" value=\"\" type=\"text\" name=\"thehausnummer\" \/><\/span> <\/label>\n\t\t<\/p>\n\t<\/div>\n<\/div>\n<div class=\"row-col\">\n\t<div class=\"anschriftplzinrow\">\n\t\t<p><label>Postleitzahl*<br \/>\n<span class=\"wpcf7-form-control-wrap\" data-name=\"theplz\"><input size=\"40\" maxlength=\"400\" class=\"wpcf7-form-control wpcf7-text wpcf7-validates-as-required\" aria-required=\"true\" aria-invalid=\"false\" value=\"\" type=\"text\" name=\"theplz\" \/><\/span> <\/label>\n\t\t<\/p>\n\t<\/div>\n\t<div class=\"anschriftwohnortinrow\">\n\t\t<p><label>Wohnort*<br \/>\n<span class=\"wpcf7-form-control-wrap\" data-name=\"thewohnort\"><input size=\"40\" maxlength=\"400\" class=\"wpcf7-form-control wpcf7-text wpcf7-validates-as-required\" aria-required=\"true\" aria-invalid=\"false\" value=\"\" type=\"text\" name=\"thewohnort\" \/><\/span> <\/label>\n\t\t<\/p>\n\t<\/div>\n<\/div>\n<h4>Kontakt\n<\/h4>\n<div class=\"row-col\">\n\t<div class=\"emailtelinrow\">\n\t\t<p><label>E-Mail-Adresse*<br \/>\n<span class=\"wpcf7-form-control-wrap\" data-name=\"theemail\"><input size=\"40\" maxlength=\"400\" class=\"wpcf7-form-control wpcf7-email wpcf7-validates-as-required wpcf7-text wpcf7-validates-as-email\" aria-required=\"true\" aria-invalid=\"false\" value=\"\" type=\"email\" name=\"theemail\" \/><\/span> <\/label>\n\t\t<\/p>\n\t<\/div>\n\t<div class=\"emailtelinrow\">\n\t\t<p><label>Telefonnummer*<br \/>\n<span class=\"wpcf7-form-control-wrap\" data-name=\"thetelefon\"><input size=\"40\" maxlength=\"400\" class=\"wpcf7-form-control wpcf7-tel wpcf7-validates-as-required wpcf7-text wpcf7-validates-as-tel\" aria-required=\"true\" aria-invalid=\"false\" value=\"\" type=\"tel\" name=\"thetelefon\" \/><\/span> <\/label>\n\t\t<\/p>\n\t<\/div>\n<\/div>\n<h4>Weitere Angaben\n<\/h4>\n<p><label>Nachricht zu Ihrer Bewerbung<br \/>\n<span class=\"wpcf7-form-control-wrap\" data-name=\"thenachricht\"><textarea cols=\"40\" rows=\"10\" maxlength=\"2000\" class=\"wpcf7-form-control wpcf7-textarea\" aria-invalid=\"false\" name=\"thenachricht\"><\/textarea><\/span> <\/label>\n<\/p>\n<h4>Einzureichende Dokumente\n<\/h4>\n<p><label>Anschreiben*<br \/>\n<span class=\"wpcf7-form-control-wrap\" data-name=\"theanschreiben\"><input size=\"40\" class=\"wpcf7-form-control wpcf7-file wpcf7-validates-as-required\" accept=\".pdf\" aria-required=\"true\" aria-invalid=\"false\" type=\"file\" name=\"theanschreiben\" \/><\/span><\/label><br \/>\n<label>Lebenslauf*<br \/>\n<span class=\"wpcf7-form-control-wrap\" data-name=\"thelebenslauf\"><input size=\"40\" class=\"wpcf7-form-control wpcf7-file wpcf7-validates-as-required\" accept=\".pdf\" aria-required=\"true\" aria-invalid=\"false\" type=\"file\" name=\"thelebenslauf\" \/><\/span><\/label><br \/>\n<label>ggf. weiteres Dokument<br \/>\n<span class=\"wpcf7-form-control-wrap\" data-name=\"theweiteresdokument\"><input size=\"40\" class=\"wpcf7-form-control wpcf7-file\" accept=\".pdf\" aria-invalid=\"false\" type=\"file\" name=\"theweiteresdokument\" \/><\/span><\/label>\n<\/p>\n<h4>Einwilligung der Datenverarbeitung\n<\/h4>\n<p><span class=\"wpcf7-form-control-wrap\" data-name=\"acceptance-datenschutz\"><span class=\"wpcf7-form-control wpcf7-acceptance\"><span class=\"wpcf7-list-item\"><label><input type=\"checkbox\" name=\"acceptance-datenschutz\" value=\"1\" aria-invalid=\"false\" \/><span class=\"wpcf7-list-item-label\">*Mit Setzen des H\u00e4kchens im nebenstehenden Kontrollk\u00e4stchen erkl\u00e4ren Sie sich einverstanden, dass die von Ihnen angegebenen Daten elektronisch erhoben und gespeichert werden. Ihre Daten werden dabei nur zu streng zweckgebundener Bearbeitung und zur Beantwortung Ihrer Bewerbung genutzt. Diese Einwilligung k\u00f6nnen Sie jederzeit durch Nachricht an uns widerrufen. Im Falle des Widerrufs werden Ihre Daten umgehend gel\u00f6scht. Weitere Informationen entnehmen Sie der <a href=\"\/index.php\/datenschutzerklaerung\/\">Datenschutzerkl\u00e4rung<\/a>.<\/span><\/label><\/span><\/span><\/span>\n<\/p>\n<p><input class=\"wpcf7-form-control wpcf7-submit has-spinner\" type=\"submit\" value=\"Senden\" \/>\n<\/p><p style=\"display: none !important;\" class=\"akismet-fields-container\" data-prefix=\"_wpcf7_ak_\"><label>&#916;<textarea name=\"_wpcf7_ak_hp_textarea\" cols=\"45\" rows=\"8\" maxlength=\"100\"><\/textarea><\/label><input type=\"hidden\" id=\"ak_js_1\" name=\"_wpcf7_ak_js\" value=\"12\"\/><script>document.getElementById( \"ak_js_1\" ).setAttribute( \"value\", ( new Date() ).getTime() );<\/script><\/p><div class=\"wpcf7-response-output\" aria-hidden=\"true\"><\/div>\n<\/form>\n<\/div>\n\n\n\n\n\n\n\n\n\n<style>\r\n\t#content > div > .row {\r\n    \tmargin-bottom: -30px;\r\n\t}\r\n\t\r\n\t#content {\r\n\t\tpadding-bottom: 0px !important;\r\n\t}\r\n<\/style>\n","protected":false},"excerpt":{"rendered":"<p>Wir stellen ein Bewerbungsbereich<\/p>\n","protected":false},"author":1,"featured_media":0,"parent":0,"menu_order":0,"comment_status":"closed","ping_status":"closed","template":"","meta":{"footnotes":""},"class_list":["post-81","page","type-page","status-publish","hentry"],"_links":{"self":[{"href":"https:\/\/steuerkanzlei-karl.de\/index.php\/wp-json\/wp\/v2\/pages\/81","targetHints":{"allow":["GET"]}}],"collection":[{"href":"https:\/\/steuerkanzlei-karl.de\/index.php\/wp-json\/wp\/v2\/pages"}],"about":[{"href":"https:\/\/steuerkanzlei-karl.de\/index.php\/wp-json\/wp\/v2\/types\/page"}],"author":[{"embeddable":true,"href":"https:\/\/steuerkanzlei-karl.de\/index.php\/wp-json\/wp\/v2\/users\/1"}],"replies":[{"embeddable":true,"href":"https:\/\/steuerkanzlei-karl.de\/index.php\/wp-json\/wp\/v2\/comments?post=81"}],"version-history":[{"count":17,"href":"https:\/\/steuerkanzlei-karl.de\/index.php\/wp-json\/wp\/v2\/pages\/81\/revisions"}],"predecessor-version":[{"id":713,"href":"https:\/\/steuerkanzlei-karl.de\/index.php\/wp-json\/wp\/v2\/pages\/81\/revisions\/713"}],"wp:attachment":[{"href":"https:\/\/steuerkanzlei-karl.de\/index.php\/wp-json\/wp\/v2\/media?parent=81"}],"curies":[{"name":"wp","href":"https:\/\/api.w.org\/{rel}","templated":true}]}}