{"id":68,"date":"2022-11-05T00:04:49","date_gmt":"2022-11-04T23:04:49","guid":{"rendered":"http:\/\/steuerkanzlei-karl.de\/?page_id=68"},"modified":"2022-11-05T21:20:43","modified_gmt":"2022-11-05T20:20:43","slug":"impressum","status":"publish","type":"page","link":"https:\/\/steuerkanzlei-karl.de\/index.php\/impressum\/","title":{"rendered":"Impressum"},"content":{"rendered":"\n<h3 class=\"wp-block-heading\">Verantwortlich f\u00fcr den Inhalt der Internetseite ist:<\/h3>\n\n\n\n<p>Dipl.-Betriebswirt (FH) Thomas Karl<br>Steuerberater<br><br>Siemensstra\u00dfe 12<br>86825 Bad W\u00f6rishofen<br><br>Telefon: 08247 6261<br>Fax: 08247 6262<br><a href=\"mailto:info@steuerkanzlei-karl.de\">info@steuerkanzlei-karl.de<\/a><\/p>\n\n\n\n<h3 class=\"wp-block-heading\">Zust\u00e4ndige Aufsichtsbeh\u00f6rde:<\/h3>\n\n\n\n<p>Steuerberaterkammer M\u00fcnchen (K\u00f6rperschaft des \u00f6ffentlichen Rechts)<br>Nederlinger Stra\u00dfe 9<br>80638 M\u00fcnchen<br><a href=\"http:\/\/www.stbk-muc.de\">www.stbk-muc.de<\/a><\/p>\n\n\n\n<p>Die gesetzliche Berufsbezeichnung Steuerberater wurde in der Bundesrepublik Deutschland erworben.<\/p>\n\n\n\n<p>Umsatzsteuer-IdNr.: DE233381080\u00a0<\/p>\n\n\n\n<h3 class=\"wp-block-heading\">Berufsrechtliche Regelungen:<\/h3>\n\n\n\n<ul class=\"wp-block-list\">\n<li>Steuerberatungsgesetz (StBerG)<\/li>\n\n\n\n<li>Durchf\u00fchrungsverordnung zum Steuerberatungsgesetz (DVStB)<\/li>\n\n\n\n<li>Berufsordnung f\u00fcr Steuerberater (BOStB)<\/li>\n\n\n\n<li>Steuerberatergeb\u00fchrenverordnung (StBGebV)<\/li>\n<\/ul>\n\n\n\n<p><br>Die berufsrechtlichen Regelungen k\u00f6nnen bei der zust\u00e4ndigen Steuerberaterkammer M\u00fcnchen eingesehen werden und befinden sich auch auf der Homepage der Bundessteuerberaterkammer.<br><a href=\"http:\/\/www.bstbk.de\/\" target=\"_blank\" rel=\"noreferrer noopener\">zur Website der Bundessteuerberaterkammer<\/a><\/p>\n\n\n\n<p>Die verwendeten Allgemeinen Gesch\u00e4ftsbedingungen (AGB) werden im Rahmen der Auftragskorrespondenz mitgeteilt.<\/p>\n\n\n\n<p>Die Berufshaftpflichtversicherung besteht bei der Allianz Versicherungs-AG, K\u00f6niginstra\u00dfe 28, 80802 M\u00fcnchen.<br>Der r\u00e4umliche Geltungsbereich der Versicherung erstreckt sich auf die Bundesrepublik Deutschland sowie auf das Ausland nach Ma\u00dfgabe der Bestimmungen des \u00a7 53a Absatz 1 Nr. 3 bis 5 DVStB.\u00a0<\/p>\n\n\n\n<h3 class=\"wp-block-heading\">Haftungshinweis \/ Haftungsausschluss:<\/h3>\n\n\n\n<p>Wir sind bem\u00fcht, auf dieser Webseite stets aktuelle und richtige Informationen bereitzustellen, die laufend aktualisiert oder erg\u00e4nzt werden. Dennoch m\u00fcssen wir f\u00fcr Richtigkeit, Aktualit\u00e4t und Vollst\u00e4ndigkeit jede Gew\u00e4hr, Haftung oder Garantie ausschlie\u00dfen.<\/p>\n\n\n\n<p>Dies gilt auch f\u00fcr alle Verweise, sog. Links oder Hyperlinks, die auf diesen Seiten aufgef\u00fchrt sind. Wir k\u00f6nnen f\u00fcr die Inhalte solcher externen Webseiten, die Sie von unseren Seiten erreichen, keine Verantwortung \u00fcbernehmen. F\u00fcr den Inhalt der verlinkten Seiten sind ausschlie\u00dflich deren Betreiber verantwortlich. Ferner haften wir nicht f\u00fcr direkte oder indirekte Sch\u00e4den, die auf Informationen von externen Webseiten zur\u00fcckgef\u00fchrt werden k\u00f6nnen.<\/p>\n\n\n\n<p>Die Informationen auf unseren Webseiten dienen zu Informationszwecken und erheben keinen Anspruch auf Vollst\u00e4ndigkeit.<\/p>\n","protected":false},"excerpt":{"rendered":"<p>Verantwortlich f\u00fcr den Inhalt der Internetseite ist: Dipl.-Betriebswirt (FH) Thomas KarlSteuerberater Siemensstra\u00dfe 1286825 Bad W\u00f6rishofen Telefon: 08247 6261Fax: 08247 6262info@steuerkanzlei-karl.de Zust\u00e4ndige Aufsichtsbeh\u00f6rde: [&hellip;]<\/p>\n","protected":false},"author":1,"featured_media":0,"parent":0,"menu_order":0,"comment_status":"closed","ping_status":"closed","template":"","meta":{"footnotes":""},"class_list":["post-68","page","type-page","status-publish","hentry"],"_links":{"self":[{"href":"https:\/\/steuerkanzlei-karl.de\/index.php\/wp-json\/wp\/v2\/pages\/68","targetHints":{"allow":["GET"]}}],"collection":[{"href":"https:\/\/steuerkanzlei-karl.de\/index.php\/wp-json\/wp\/v2\/pages"}],"about":[{"href":"https:\/\/steuerkanzlei-karl.de\/index.php\/wp-json\/wp\/v2\/types\/page"}],"author":[{"embeddable":true,"href":"https:\/\/steuerkanzlei-karl.de\/index.php\/wp-json\/wp\/v2\/users\/1"}],"replies":[{"embeddable":true,"href":"https:\/\/steuerkanzlei-karl.de\/index.php\/wp-json\/wp\/v2\/comments?post=68"}],"version-history":[{"count":2,"href":"https:\/\/steuerkanzlei-karl.de\/index.php\/wp-json\/wp\/v2\/pages\/68\/revisions"}],"predecessor-version":[{"id":171,"href":"https:\/\/steuerkanzlei-karl.de\/index.php\/wp-json\/wp\/v2\/pages\/68\/revisions\/171"}],"wp:attachment":[{"href":"https:\/\/steuerkanzlei-karl.de\/index.php\/wp-json\/wp\/v2\/media?parent=68"}],"curies":[{"name":"wp","href":"https:\/\/api.w.org\/{rel}","templated":true}]}}